{"id":134,"date":"2024-02-07T21:49:02","date_gmt":"2024-02-07T21:49:02","guid":{"rendered":"https:\/\/estrategiapreponderante.pt\/site\/index.php\/marketing-empresarial\/"},"modified":"2024-02-08T18:26:41","modified_gmt":"2024-02-08T18:26:41","slug":"marketing-empresarial","status":"publish","type":"page","link":"https:\/\/www.estrategiapreponderante.pt\/site\/marketing-empresarial\/","title":{"rendered":"Marketing Empresarial"},"content":{"rendered":"\n    \n    <section class=\"u-align-left u-clearfix u-section-2\" id=\"carousel_1c33\">\n      <div class=\"u-clearfix u-sheet u-valign-middle u-sheet-1\">\n        <div class=\"u-clearfix u-expanded-width u-layout-wrap u-layout-wrap-1\">\n          <div class=\"u-layout\">\n            <div class=\"u-layout-row\">\n              <div class=\"u-container-style u-image u-layout-cell u-size-30 u-image-1\" data-image-width=\"800\" data-image-height=\"568\" style=\"background-image: url(&quot;https:\/\/www.estrategiapreponderante.pt\/site\/wp-content\/uploads\/2024\/02\/marketing01.png&quot;);\">\n                <div class=\"u-container-layout u-container-layout-1\">\n                  <div class=\"u-absolute-hcenter u-expanded u-opacity u-opacity-40 u-palette-1-base u-shape u-shape-rectangle\"><\/div>\n                <\/div>\n              <\/div>\n              <div class=\"u-container-style u-layout-cell u-shape-rectangle u-size-30 u-layout-cell-2\">\n                <div class=\"u-container-layout u-container-layout-2\">\n                  <h2 class=\"u-align-left u-custom-font u-font-montserrat u-text u-text-1\">\n                    <span style=\"font-size: 2.25rem;\">Marketing Empresarial<\/span>\n                  <\/h2>\n                  <div class=\"u-border-10 u-border-palette-1-base u-line u-line-horizontal u-line-1\"><\/div>\n                  <p class=\"u-align-justify u-custom-font u-font-montserrat u-text u-text-2\"> Com o Marketing empresarial pretendemos incrementar estrat\u00e9gias de Comunica\u00e7\u00e3o e Marketing, que possibilitem e promovam uma comunica\u00e7\u00e3o mais eficiente com o mercado.\n&nbsp;<br>\n                  <\/p>\n                <\/div>\n              <\/div>\n            <\/div>\n          <\/div>\n        <\/div>\n      <\/div>\n    <\/section>\n    <section class=\"u-align-center u-clearfix u-grey-40 u-section-3\" id=\"sec-561a\">\n      <div class=\"u-clearfix u-sheet u-sheet-1\">\n        <h4 class=\"u-text u-text-1\"> \u201c\u200bSe oferecer a solu\u00e7\u00e3o para um problema do seu cliente, a venda ser\u00e1 a consequ\u00eancia\u201d<\/h4>\n      <\/div>\n    <\/section>\n    <section class=\"u-clearfix u-palette-1-base u-section-4\" id=\"sec-9453\">\n      <div class=\"u-clearfix u-sheet u-sheet-1\">\n        <a href=\"https:\/\/www.livroreclamacoes.pt\/Pedido\/Reclamacao\" class=\"u-border-1 u-border-active-palette-2-base u-border-hover-palette-1-base u-border-no-left u-border-no-right u-border-no-top u-btn u-button-style u-none u-text-body-alt-color u-btn-1\" target=\"_blank\">Livro de Reclama\u00e7\u00f5es <\/a>\n        <a href=\"https:\/\/www.estrategiapreponderante.pt\/site\/politica\/\" class=\"u-border-1 u-border-active-palette-2-base u-border-hover-palette-1-base u-border-no-left u-border-no-right u-border-no-top u-btn u-button-style u-none u-text-body-alt-color u-btn-2\">Pol\u00edtica de Privacidade <\/a>\n      <\/div>\n    <\/section>\n    \n    \n    \n  \n","protected":false},"excerpt":{"rendered":"<p>Marketing Empresarial Com o Marketing empresarial pretendemos incrementar estrat\u00e9gias de Comunica\u00e7\u00e3o e Marketing, que possibilitem e promovam uma comunica\u00e7\u00e3o mais eficiente com o mercado. &nbsp; \u201c\u200bSe oferecer a solu\u00e7\u00e3o para um problema do seu cliente, a venda ser\u00e1 a consequ\u00eancia\u201d Livro de Reclama\u00e7\u00f5es Pol\u00edtica de Privacidade<\/p>\n","protected":false},"author":2,"featured_media":0,"parent":0,"menu_order":5,"comment_status":"closed","ping_status":"closed","template":"","meta":{"footnotes":""},"class_list":["post-134","page","type-page","status-publish","hentry"],"_links":{"self":[{"href":"https:\/\/www.estrategiapreponderante.pt\/site\/wp-json\/wp\/v2\/pages\/134","targetHints":{"allow":["GET"]}}],"collection":[{"href":"https:\/\/www.estrategiapreponderante.pt\/site\/wp-json\/wp\/v2\/pages"}],"about":[{"href":"https:\/\/www.estrategiapreponderante.pt\/site\/wp-json\/wp\/v2\/types\/page"}],"author":[{"embeddable":true,"href":"https:\/\/www.estrategiapreponderante.pt\/site\/wp-json\/wp\/v2\/users\/2"}],"replies":[{"embeddable":true,"href":"https:\/\/www.estrategiapreponderante.pt\/site\/wp-json\/wp\/v2\/comments?post=134"}],"version-history":[{"count":3,"href":"https:\/\/www.estrategiapreponderante.pt\/site\/wp-json\/wp\/v2\/pages\/134\/revisions"}],"predecessor-version":[{"id":348,"href":"https:\/\/www.estrategiapreponderante.pt\/site\/wp-json\/wp\/v2\/pages\/134\/revisions\/348"}],"wp:attachment":[{"href":"https:\/\/www.estrategiapreponderante.pt\/site\/wp-json\/wp\/v2\/media?parent=134"}],"curies":[{"name":"wp","href":"https:\/\/api.w.org\/{rel}","templated":true}]}}